 Give x(-11).
-10
Let x(j) be the third derivative of 0 + 7/24*j**4 - 77*j**2 + 0*j + 5/6*j**3 - 1/60*j**5. Determine x(5).
15
Let x(n) be the third derivative of n**6/120 - n**3 - n**2. Suppose 0 = -137*m - 116*m. Give x(m).
-6
Let z be -34 + 40 - (7 + 7 + -14). Let q(i) = 0*i**2 + 6*i**2 + i**2 - 7*i + 6 - i**3. What is q(z)?
0
Let b(i) = i**2 + 6*i - 4. Let o be 4*(-1)/2*4. Let z be b(o). Let q(a) = -a**2 + 13*a - 18. Let m be q(z). Let n(s) = -s**3 - 5*s**2 + 2*s + 1. Calculate n(m).
25
Let z(p) = 19*p**2 - 3*p + 1. Let d(q) = -77*q**2 + 11*q + 11. Let h(g) = -d(g) - 4*z(g). Suppose 5*r = 2*r. What is h(r)?
-15
Let m(a) = 2*a - 1. Let o(d) = -d. Let s(w) = m(w) - o(w). Let c(h) = 32*h - 3229. Let t be c(101). Calculate s(t).
8
Let f(v) = -11*v - 13. Let u(l) = 5*l + 6. Let o be (8/6)/((-8)/(-12)). Let i(p) = o*f(p) + 5*u(p). Suppose 1955 = -14233*t + 14624*t. What is i(t)?
19
Let m(k) = k**2 - 10*k + 12. Let g be m(8). Suppose -1048*j + 1046*j = -10. Let p(y) = 11145*y**2 - 11149*y**2 - y + j*y**3 - 6*y**3. Give p(g).
4
Suppose -5*g = -35, 1183 = -4*r + 3*g + 1146. Let n(a) = -4*a**2 - 12*a + 13. What is n(r)?
-3
Let p(u) = -5*u**2 + 9*u - 18*u**3 + u - 5 - 13*u - 9*u + 19*u**3. What is p(7)?
9
Let v(k) be the third derivative of -k**6/120 - k**5/120 + 17*k**4/24 + 13*k**2. Let o(y) be the second derivative of v(y). Suppose -5*q = -3*q - 2. Give o(q).
-7
Suppose 5*h + 277 - 313 = -4*h. Let r(g) be the first derivative of 24 - 1/3*g**3 + g + 0*g**2 + 9/4*g**h. Calculate r(-1).
-9
Let z(i) = 2 + 2*i + 0*i + 2 + 2*i**2 - i**3. Let c be 5/(25/(-35))*-1 - 4. Suppose 5*n + 2*b = 21, 5*n - 5*b - 9 = -c*b. What is z(n)?
1
Let t be ((425/(-10))/(-17))/((-7)/(-56)). Let w(r) = 4*r - 83. Determine w(t).
-3
Let a = 124 - 130. Let v(g) be the first derivative of -g**4/4 - 2*g**3 - g**2 + 5*g + 42. Give v(a).
17
Let v(b) = -b - 342. Let h(i) = 172. Let p(a) = -2*h(a) - v(a). Suppose -2*n = n - 6. What is p(n)?
0
Let j(l) = -13*l - 20. Let c be 12 - (40 + -7 - 20). Calculate j(c).
-7
Suppose 3*k + 3*c = 21, k - 2*c + 4 = 20. Let w(l) = -20*l - 19. Let n(q) = -51*q - 38. Let z(p) = 2*n(p) - 5*w(p). Calculate z(k).
-1
Let z(h) = 28*h**3 - h**2 + 2*h + 2. Let t = -2409 - -2408. Give z(t).
-29
Let y(d) = 11*d**3 - 64*d**2 + 10*d - 130. Let x be y(6). Let t(r) be the first derivative of 8/3*r**3 + 15 + 0*r**x - r. Give t(1).
7
Let t(h) = -h**2 + 4*h + 5. Let g = -92 + 101. Let f be t(g). Let o = f + 35. Let p(d) = -d**2 - 8*d - 6. Calculate p(o).
9
Let s(r) = -r**3 - 21*r**2 + 47*r + 27. Let w be s(-23). Let v(b) = -5*b**2 + w*b**2 - 15 - b + 6*b + 5*b + 4*b. Let o = -14 - -26. Determine v(o).
9
Let s(u) be the third derivative of -u**6/120 + u**5/5 + 5*u**4/8 - 25*u**3/6 + 77*u**2 + 2*u. Give s(13).
1
Let m(t) = -80*t**2 + 27*t - 61. Let q(i) = 29*i**2 - 9*i + 20. Let v(k) = -4*m(k) - 11*q(k). What is v(12)?
60
Let k(o) = o**3 + 5*o**2 + 1. Let y(v) = 8*v**2 - 22*v - 18. Let p be y(8). Let a = 313 - p. Give k(a).
1
Let l(c) = 35 - 15 - c + 14*c**2 + c**2 - 21. Let m be (1 - (-3)/(-5)) + 196/(-140). Determine l(m).
15
Let c(n) = -n**2 - n - 8. Let y = 81 - -120. Let a = -201 + y. What is c(a)?
-8
Let i(l) be the second derivative of -1/2*l**2 + 42*l + 0 + 1/3*l**3. Determine i(2).
3
Let v(s) = 5*s**2 + 12*s - 17. Let g(a) = -2*a**2 - 4*a + 6. Let l(d) = -8*g(d) - 3*v(d). Let o = -459 + 115. Let t be (-17)/(-8) + 43/o. Give l(t).
-1
Let l be 5 + 1*5*(225 - 226). Let p = 11 - 4. Let n(j) = 3*j + j**3 - p - 2*j + 14. Calculate n(l).
7
Let c(l) = 3*l**2 + 55*l - 28. Let g be c(-19). Let t(j) = -j**3 - j**2. Let o be t(2). Let i = o + g. Let x(r) = -r**2 - 4*r - 1. Determine x(i).
3
Suppose -40*x = -38*x + 2. Let b(h) = -5*h + 7. Let y(a) = -3. Let l(c) = x*b(c) - 2*y(c). Suppose 2*p + 4 = -2*f, 3 + 1 = -5*p + f. Calculate l(p).
-6
Let h(s) = -s - 2. Let w = -555 + 353. Let a = 197 + w. Calculate h(a).
3
Let v(q) = q**2 - 9*q - 4. Suppose 2*a = -2*c + 22, -2*a + 2 = -a. Suppose 352 = c*z - 5*z. Suppose 11*r - z = -0*r. Determine v(r).
-12
Let d = -9 + 2. Let m(f) = -17*f**3 - f**2 + 10*f + 4. Let z(y) = 20*y**3 - 11*y - 4. Let u(t) = d*m(t) - 6*z(t). Let k be 5 + (-2 - -1) + 2. Determine u(k).
8
Let q be (-2)/(-3)*((8 - (6 - -3)) + 7). Let m(p) be the third derivative of -p**6/120 + p**5/15 - p**3 + p**2. What is m(q)?
-6
Suppose 19 = -10*g + 49. Let c(h) = 4 - 3 - 2 - h**3 + 0 + h**2 - h. Let y(l) = 2*l**3 + 6*l**2 - 4*l - 2. Let q(j) = g*c(j) + y(j). Calculate q(8).
3
Let u(n) be the third derivative of 1/60*n**5 + 0 + 2/3*n**3 + 5/24*n**4 + 8*n**2 - 5*n. Determine u(-5).
4
Let r = 17 - 0. Let b = 19 - r. Let m(v) = -2 - 24*v**2 + 53*v**b + v**3 - 25*v**2 - 7*v. Give m(-5).
8
Suppose -12*p + 27 + 57 = 0. Let b(f) be the third derivative of -f**6/120 + 2*f**5/15 - 7*f**4/24 - f**3/2 - 15*f**2. Calculate b(p).
-3
Let f(j) = -3*j - 7. Let s(w) be the third derivative of -7*w**4/12 - 37*w**3/6 + w**2 - 27. Let p(c) = -11*f(c) + 2*s(c). Calculate p(4).
23
Suppose -7*x + 30 = -2*x - 5*b, -5*b + 25 = 0. Let g(s) = s - 24. Give g(x).
-13
Suppose -2*f = -4*p - 18, -4*f - 199 + 326 = 5*p. Let l(o) = 5*o**2 - 116*o + 16. Determine l(f).
-7
Let v(l) = l - 53. Suppose -g + 43 = -f, -3*g + 5*g + 6*f = 78. Determine v(g).
-11
Let y(p) be the third derivative of -p**6/120 + p**5/12 - p**4/6 + 5*p**3/6 + p**2 + 4. Let d be ((-3 - 3) + 1)/((-5)/5). What is y(d)?
-15
Let n(g) = -18 + 4 + 12*g**2 + g + 10 - 2*g**3. Let u be n(6). Let r(q) = -q**2 + 3*q - 2. What is r(u)?
0
Let p(t) be the first derivative of 3*t - 3 - t**3 + 2*t**2 - 1/2*t**4. Let k be 0 + (2 - -2) + -7. Determine p(k).
18
Let i(x) = 32 + 9 + 149 - 20*x + 4*x + 69. Determine i(16).
3
Let x = 593 + -339. Let g(i) = -3*i**2 + 129*i - x*i + 126*i + 25*i**2. What is g(-1)?
21
Suppose -80 = 176*l - 186*l. Suppose -5*n = -5*j + 10, -5*j + 9*n - l*n + 14 = 0. Let x(f) be the second derivative of -5*f**3/6 + f**2 + f. Calculate x(j).
-13
Let u(x) = x - 205. Let g(k) = -k + 153. Let d(r) = 4*g(r) + 3*u(r). Let v = 1 + 1. Suppose -5*z - 1 = v*p - 3, 0 = -4*p + 4*z + 32. Calculate d(p).
-9
Let l(k) be the third derivative of -k**6/60 - 4*k**5/15 - 11*k**4/24 - 8*k**3/3 - 2*k**2 - 4803. Give l(-7).
-37
Let y(c) = 6*c**2 - 33*c - 23. Let o(t) = 5*t**2 - 27*t - 24. Let u(l) = -4*o(l) + 3*y(l). Determine u(7).
-8
Let c(b) = -76*b**2 + 27*b - 106. Let u(r) = 17*r**2 - 7*r + 26. Let w(g) = -2*c(g) - 9*u(g). Give w(9).
-22
Let g(h) = h + 1. Let m(n) = n**3 + 4*n + 13. Let a(t) = -4*g(t) + m(t). Suppose 0 = -4*b + 2*r - 2, -10*b = -11*b + 4*r - 4. Calculate a(b).
9
Let f(y) = -y + 10. Let j(w) = 189*w - w**2 - 4*w**2 - 12 - 208*w + 4*w**2. Let b be j(-18). What is f(b)?
4
Let t(q) = 5*q - 28. Let o = 3172 + -3166. Calculate t(o).
2
Suppose -3989 + 4132 = -11*l. Let a(v) = v**2 - 169. Determine a(l).
0
Let k be 2*((-6)/(-4) + -2). Let v(b) = 28825 - 86469 - 15*b**2 + 28825 + 28818. What is v(k)?
-16
Let b be -5 - ((-22)/6 - (-1)/(-3)). Let v(r) = -6*r**2 - 9*r - 8. What is v(b)?
-5
Suppose w + 45 = 6*w. Let b(m) = w*m + m**2 + 9 - m + 0*m. Let z be (-102)/15 - (616/55 - 12). What is b(z)?
-3
Let m(z) = z**2 + 8*z - 23. Suppose 265 = 47*c + 735. Calculate m(c).
-3
Let p(o) = -15095965*o**2 - 3*o + 15095966*o**2 + 10*o. Let v be (-4)/(-18) - (-68)/18. Let f = -9 + v. Calculate p(f).
-10
Let d be 1 + -1 + (-24)/(-8). Let v(h) = 2*h**3 - 2*h**3 - 2*h**3 + 3*h**d + 3 + 5*h**2 + h. Let i(y) = 7*y + 72. Let w be i(-11). What is v(w)?
-2
Let p = 743 + -742. Let t(g) = 109*g + 17. Let n(x) = 54*x + 7. Let c(q) = 5*n(q) - 2*t(q). What is c(p)?
53
Suppose 6*n - 3*n - 6 = 0, -2*z = 5*n - 2. Let m(w) = w**3 + 3*w**2 - 3*w + 9. What is m(z)?
5
Let y(a) = a - 1. Let r(d) = -2*d - 5*d + 0*d. Let w(x) = -r(x) - 5*y(x). Let s be (8 - 2) + -6 + 4. What is w(s)?
13
Let f(i) = 19*i**2 - 50*i + 1. Let n(y) = -17*y**2 + 44*y + 1. Let z(m) = 8*f(m) + 9*n(m). Determine z(-10).
-43
Suppose -2*u + 36 = -3*s, -2*s + 52*u - 10 = 53*u. Let j(a) = 11*a + 93. What is j(s)?
5
Let d(b) = -9*b**2 - 37*b - 32. Let t(v) = 5*v**2 + 19*v + 18. Let p(r) = 6*d(r) + 11*t(r). What is p(14)?
20
Let v = -13470 - -13479. Let i(z) = -z**3 + 9*z**2 - z - 18. Give i(v).
-27
Let a(x) = -6*x**2 + 8*x + 38. Let f be a(-7). Let b = -305 - f. Let q(d) = -d**2 + 11*d - 9. What is q(b